 -3*s, a + w*s + 0*s - 18 = 0. What are the prime factors of a?
2
Suppose 108 = s - 25. What are the prime factors of s?
7, 19
Suppose -3*b + 14 = 2*f, -3*f - 5*b - 7 = -28. What are the prime factors of f?
7
Let i = 7 + -2. Suppose 0 = -2*g - 4*d - 112, -2*g + g - i*d = 62. What are the prime factors of ((-6)/(-12))/((-2)/g)?
13
Suppose -2*y + h + 24 = -h, -3*y - 4*h + 50 = 0. What are the prime factors of y?
2, 7
Suppose 5*m - 6 = 4*m. Suppose -5*y + 4*s = -2*y - 24, -m = 2*s. List the prime factors of y.
2
Let f be 5/(3 + -2 + 0). Suppose -a + b + 24 = 3*a, 4*a = f*b + 24. Let x(k) = -k**2 + 9*k - 6. What are the prime factors of x(a)?
2, 3
Let m(j) = 8*j + 8. List the prime factors of m(4).
2, 5
Let u = -8 - -13. Suppose u*l - 12 = 2*l. Suppose 6*o = l*o + 6. What are the prime factors of o?
3
Let g = -20 + 6. What are the prime factors of g/(-63) - 284/(-18)?
2
Let u = 8 + 125. Suppose 2*k = -2*p + 82, -3*p + 3*k - 22 = -u. List the prime factors of p.
3, 13
What are the prime factors of (8/6)/((-14)/(-672))?
2
Let n = 39 + 17. What are the prime factors of n?
2, 7
Let v be 25/9 + 2/9. Suppose v*g = 13 - 1. What are the prime factors of g?
2
Let k = 10 - 6. Let v(m) = m**2 + m - 6. Let y be v(-7). Suppose -k*a + 4 = -y. What are the prime factors of a?
2, 5
Let c = -388 - -546. List the prime factors of c.
2, 79
What are the prime factors of (8/20)/((-1)/(-80))?
2
Let u = -39 + 61. What are the prime factors of u?
2, 11
Let c be 3/(-5) - 68/(-5). Suppose w = -1 + c. List the prime factors of w.
2, 3
Let k(l) = 3*l**3 - 2*l**2 + 3*l - 2. Let o be 16/5*(-10)/(-4). Let a(f) = f**3 - 8*f**2 + f - 6. Let c be a(o). List the prime factors of k(c).
2, 5
Suppose 3*t = 4*t - 3*g + 23, -4*t - 2*g - 22 = 0. Let p = t + 14. What are the prime factors of p?
2, 3
Suppose -p = 5*t + 3*p - 4, -20 = 5*p. Suppose -m - 2*f = -16, -t*f + 12 = 3*m - 26. What are the prime factors of m?
2, 3
Let o(y) = 2*y**2 - 3*y. Let l be o(2). Let b(w) = -12*w**3 - 1 + 2 - l. What are the prime factors of b(-1)?
11
Let s = -3 - -4. What are the prime factors of (-76)/(-3 + s/1)?
2, 19
Suppose 7*a = -a + 872. List the prime factors of a.
109
Let a = 21 - -44. What are the prime factors of a?
5, 13
Let a be -1 + (-1 - -1 - -3). Suppose 0 = -a*c + 6*c - 72. What are the prime factors of 1/(-4) + c/8?
2
Let i = 2 + -3. List the prime factors of i*(-10 + (-3 - -6)).
7
Suppose 6*t - 10 = t. Suppose -5 + 24 = s - t*g, -5*s - 4*g = -39. List the prime factors of s.
11
Suppose 21 = 4*j - 31. Let y(o) = o**2 - 12*o + 11. What are the prime factors of y(j)?
2, 3
Let u(v) = -v**3 - v**2 + 8. Let d be u(0). Let a(s) = s**2 - 5*s - 8. List the prime factors of a(d).
2
Let n be -1*0/(-2 + 1). Suppose n = -4*i + 11 + 1. Suppose 2*f = 1 + i. What are the prime factors of f?
2
Let r(u) = 13*u**2. Let q be r(-1). Suppose -3*g + 38 = -3*b - q, g = 4*b + 23. What are the prime factors of g?
3, 5
Suppose -2*h + j + 2 + 1 = 0, j = -2*h + 5. Let m = h - -9. What are the prime factors of m?
11
Let k(y) = -y**2 + 5*y - 4. Let m be k(3). Suppose -2*v = 4, 4*v + m = 5*g - 41. List the prime factors of g.
7
Suppose 2*s = 5*k + 60, s - 52 = -s + 3*k. What are the prime factors of s?
2, 5
Let m = 2 - -10. Let d = m + -5. List the prime factors of d.
7
Suppose 1158 = 3*p - 3*g + 255, 3*p + 4*g = 924. List the prime factors of p.
2, 19
Let y = 1 - 1. Suppose -2*l = l + 21. Let p = y - l. List the prime factors of p.
7
Let t(u) = -1. Let s(r) = -3*r + 4. Let f(x) = -s(x) - 5*t(x). What are the prime factors of f(12)?
37
Suppose 0 = 2*y - 0*y - 260. List the prime factors of y.
2, 5, 13
Let w(i) = -i**2 + 4. Let b be w(0). What are the prime factors of 23 + (b - 1 - 0)?
2, 13
Suppose -5*x - v - 2*v = -55, -4*v = 0. List the prime factors of x.
11
Suppose 328 = 4*a - 4*x, a + 3*x = 5*a - 324. List the prime factors of a.
2, 3, 13
Let s(q) = -2*q**3 + 22*q**2 + 7*q - 27. List the prime factors of s(10).
3
Let m(x) = -x - 3*x**2 + 3*x - 4*x + 3*x**3 - 4 - x**3. What are the prime factors of m(3)?
17
Let t be 2 - (-2 + 4) - -2. Suppose 0 = -0*l - l + t. What are the prime factors of 1 - (-1)/(1/l)?
3
List the prime factors of 2256/30 - 1/5.
3, 5
Let h be ((-20)/15)/((-2)/54). Let j = h + -25. List the prime factors of j.
11
Let t(i) be the second derivative of 8*i**3/3 + i**2 + 3*i. What are the prime factors of t(1)?
2, 3
Suppose 5*p + 17 = -3. Let v(x) = x**2 + 4*x + 6. What are the prime factors of v(p)?
2, 3
Let x(b) = b**3 - 5*b**2 + 3. List the prime factors of x(5).
3
Suppose -2*s = 2*s - 120. What are the prime factors of s?
2, 3, 5
Suppose -4*g + 31 = -89. What are the prime factors of g?
2, 3, 5
Suppose -1477 - 723 = -8*p. What are the prime factors of p?
5, 11
Let o be (-2)/(-8) - (-2)/(-8). Let p(z) = -z + 8. What are the prime factors of p(o)?
2
Let d(l) = 20*l + 6. What are the prime factors of d(3)?
2, 3, 11
List the prime factors of 68 + (-15)/20*(1 - 5).
71
Let u be (-1 - 0)*-3 - -2. Suppose c - 2*c - 3*b + 27 = 0, -u*c = -2*b - 50. List the prime factors of 8/c - 52/(-3).
2, 3
Let g(j) = -j**2 - 2*j - 1. Let w be g(-2). List the prime factors of (-1)/(14/(-12) - w).
2, 3
Let s(o) = o**3 + 8*o**2 + 3. Let i(d) = 9*d**3 - d. Let g be i(-1). List the prime factors of s(g).
3
Suppose 0*s = 4*a - 5*s + 2, 3*a = -5*s + 16. Suppose 1 = -a*u - 0*u - 5*m, 5 = 5*u + 5*m. List the prime factors of u.
2
Let h be -1*1*(0 + 1). List the prime factors of (h + -1)/(28/(-238)).
17
Let q = -5 - -23. What are the prime factors of (q + 0)/((-6)/(-4))?
2, 3
Suppose -5*a + 422 - 67 = 0. List the prime factors of a.
71
Suppose 2*z - z = 2. Let h = -15 - -37. Suppose 0 = z*s - 0*s - h. What are the prime factors of s?
11
List the prime factors of 2/13 - (-900)/65.
2, 7
Let o(j) = j**3 + j**2 - 8*j - 2. What are the prime factors of o(7)?
2, 167
Let u be (18/(-27))/(4/(-462)). Suppose 0 = -2*n + b - 20 + 71, -4*n - 3*b + u = 0. List the prime factors of n.
23
Suppose 0 = 2*z - z. Let g = 1 - z. Let f = 6 - g. List the prime factors of f.
5
Let h be (1/(2/(-52)))/1. List the prime factors of (-12)/(-8)*-2 - h.
23
Let c be ((-2 - -2)/2)/3. Suppose c = 3*p + 2*p - 40. What are the prime factors of p?
2
Let m = 20 - 0. Let c = m - 9. Suppose 3*h - 21 = -2*p + 4*h, 2*p = -h + c. What are the prime factors of p?
2
Let g(a) = a + 10. Let o be g(-7). Let i be (o/2)/(1/2). Suppose i*m = 31 - 4. List the prime factors of m.
3
Suppose -3*i + 6 = -6*i, -719 = -5*h - 3*i. What are the prime factors of h?
5, 29
List the prime factors of 0 + 20/6*51.
2, 5, 17
Let z(k) = -k**2 - 6*k + 4. Let r be z(-6). Suppose 0 = 5*n - 10, 0 = r*x - n - 3*n - 28. List the prime factors of x.
3
Let t(n) = 11*n - 3. Let m be t(8). Suppose -h - 2*z + 40 = 3*z, 5*h + 2*z = m. List the prime factors of h.
3, 5
Let z = -18 + 20. Suppose z*d + o - 16 = 31, -3*d + 2*o = -60. What are the prime factors of d?
2, 11
Let n(p) = 3*p + 1. Let b be n(1). Suppose 0 = b*y - 2*y - 26. What are the prime factors of y?
13
Let g = 12 + -6. Suppose -9 = -2*x - h, h + g = x + 3*h. List the prime factors of x.
2
Suppose p = 5, 3*s - p - 130 = -0*p. What are the prime factors of s/7 - (-3)/(-7)?
2, 3
Suppose -4*i = -i + 4*t - 108, 0 = -4*i - 4*t + 148. Suppose -g - i = -5*g. List the prime factors of g.
2, 5
Let o be 334/4 + 2/(-4). Suppose o = 4*g - 9. What are the prime factors of g?
23
List the prime factors of (18/(-4) - -4)*(-380)/2.
5, 19
List the prime factors of -3*(2 + 0 - 18).
2, 3
Let d = -12 - -29. List the prime factors of d.
17
Let g = -1 + 1. Let k(w) = w**3 - w**2 + w + 19. Let s be k(g). Let d = -13 + s. List the prime factors of d.
2, 3
Let p be 10 + 2 + -1 - -1. Suppose -13 = -5*j + p. What are the prime factors of j?
5
Let v(n) = 3*n - 2. Let r = -8 + 5. Let o be r*((-1 - -2) + -2). What are the prime factors of v(o)?
7
Let b be ((-6)/4)/(6/344). What are the prime factors of (b/(-6))/(3/9)?
43
Suppose 3*p + 3 = 0, 3*p + 3 = -0*r + 2*r. Suppose 3*b - 9 = -r. What are the prime factors of b?
3
Let n(z) = z**2 - 7. List the prime factors of n(-11).
2, 3, 19
Let g(y) = 20*y**2. What are the prime factors of g(2)?
2, 5
Let g(l) = 1. Let s(h) = h**2 + 6*h - 7. Let i(d) = -3*g(d) + s(d). Let v be i(-7). Let m(p) = -p + 4. List the prime factors of m(v).
